{"id":619,"date":"2020-03-26T19:41:22","date_gmt":"2020-03-26T19:41:22","guid":{"rendered":"https:\/\/www.cafedonbalbino.com\/web\/?post_type=product&#038;p=619"},"modified":"2026-03-29T11:03:13","modified_gmt":"2026-03-29T17:03:13","slug":"cafe-gourmet","status":"publish","type":"product","link":"https:\/\/www.cafedonbalbino.com\/web\/tienda\/cafe-gourmet\/","title":{"rendered":"Caf\u00e9 Gourmet"},"content":{"rendered":"<h3 class=\"gourmet\">El favorito de los paladares exigentes<\/h3>\n<ul class=\"gourmet\">\n<li>Caf\u00e9 de altura (cultivado entre 900 y 1,600 metros sobre el nivel del mar).<\/li>\n<li>Cuenta con una selecci\u00f3n artesanal, grano a grano, adicional a la selecci\u00f3n mec\u00e1nica por peso y tama\u00f1o.<\/li>\n<li>El tueste medio equilibra perfectamente sus notas florales y de vainilla, mientras que el tueste espresso le aporta un sabor m\u00e1s intenso y un aroma exquisito.<\/li>\n<\/ul>\n","protected":false},"excerpt":{"rendered":"<p>El favorito de los paladares exigentes Caf\u00e9 de altura (cultivado entre 900 y 1,600 metros sobre el nivel del mar).<\/p>\n","protected":false},"featured_media":857,"template":"","meta":[],"_links":{"self":[{"href":"https:\/\/www.cafedonbalbino.com\/web\/wp-json\/wp\/v2\/product\/619"}],"collection":[{"href":"https:\/\/www.cafedonbalbino.com\/web\/wp-json\/wp\/v2\/product"}],"about":[{"href":"https:\/\/www.cafedonbalbino.com\/web\/wp-json\/wp\/v2\/types\/product"}],"wp:featuredmedia":[{"embeddable":true,"href":"https:\/\/www.cafedonbalbino.com\/web\/wp-json\/wp\/v2\/media\/857"}],"wp:attachment":[{"href":"https:\/\/www.cafedonbalbino.com\/web\/wp-json\/wp\/v2\/media?parent=619"}],"curies":[{"name":"wp","href":"https:\/\/api.w.org\/{rel}","templated":true}]}}